 t?
35
Let b(d) = 42*d**2 + 4*d + 15. Let v be b(-5). Calculate the highest common factor of v and 88.
11
Let k(t) = -2*t**3 - 195*t**2 + 291*t - 174. Let d be k(-99). What is the greatest common divisor of 180 and d?
60
Let z = -3126 + 3973. What is the greatest common factor of 308 and z?
77
Suppose 0 = 3*v + 11*v + 1638. Let l = v + 192. Let r = 57 + l. Calculate the greatest common divisor of 12 and r.
12
Let f = 118 - 113. Suppose 5*z = c + 399, -8*z + 12*z = f*c + 315. Calculate the highest common divisor of 100 and z.
20
Suppose 3*o - 3*y - 36 = 0, -4*o + 50*y + 33 = 51*y. Suppose -4*c + 355 = 5*q, -o*c + 7*c + 211 = 3*q. What is the greatest common factor of 603 and q?
67
Let g = 1144 + -630. Suppose -5*h + 2246 = 2*j, -h = -j - g + 69. What is the highest common divisor of h and 8?
8
Suppose -399*y + 443*y = 880. What is the highest common divisor of y and 175?
5
Let x(u) be the third derivative of -5*u**4/24 + 43*u**3/3 + 24*u**2 + 2. Let f be x(16). Let a = -5 - -23. Calculate the highest common factor of a and f.
6
Let o(c) = c**2 + 20*c + 395. Let v be o(-29). What is the highest common factor of 16 and v?
16
Suppose -o - 4*g + 8438 = 0, -2*g + 16887 = 2*o - 5*g. Calculate the highest common factor of 28 and o.
14
Let i be 5/3*486/(-135). Let g(w) = -w - 13. Let n(r) = r + 26. Let m(y) = 5*g(y) + 3*n(y). Let b be m(i). Calculate the highest common factor of 225 and b.
25
Suppose 10 = -5*o, -o = 4*h - 84 - 90. Calculate the greatest common divisor of 1188 and h.
44
Suppose -704 = -4*j + 4*n, -5*n + 448 = 3*j - 144. Suppose -42 = -2*g - 3*l, -5*g = l + 25 - 143. Calculate the highest common factor of j and g.
8
Suppose 27*t = 22*t - 450. Let y be ((-2)/4)/((-4)/(-400)). Let u = y - t. Calculate the highest common divisor of 8 and u.
8
Let m = 844 + -659. Let s(x) = -x**3 - 8*x**2 - 9*x + 2. Let d be s(-8). Let r be d/((3 - 2)*2). Calculate the highest common factor of m and r.
37
Suppose 8*d + 32 - 216 = 0. Calculate the greatest common divisor of 8027 and d.
23
Let x(q) = -13*q**3 + 2*q**2 - 10*q - 20. Let h be x(-2). Suppose 2*v = -10 + h. Calculate the greatest common factor of v and 663.
51
Let y be (-2)/(-3)*90/(-20). Let i be -69*y/(12/4). Suppose d + 204 = 4*h + 6*d, -4*h = d - 188. What is the greatest common divisor of i and h?
23
Let f(a) = -a**3 - 10*a**2 + 283*a + 101. Let s be f(-23). Calculate the highest common divisor of s and 1072.
67
Let q be (-3)/((0 + -2)/2). Let k(h) = 208*h - 29. Let x be k(q). What is the greatest common divisor of x and 35?
35
Suppose 170 = -227*n + 232*n. What is the highest common factor of 2873 and n?
17
Let g(o) = 3*o**2 - 907*o + 9830. Let t be g(11). Calculate the greatest common factor of t and 1272.
24
Let v = 3428 + -3420. What is the highest common divisor of v and 13?
1
Suppose 0 = 35*z - 37*z + 54 + 2. Let s be ((-8)/(-3) + 2)*27. What is the greatest common factor of z and s?
14
Let n = -13231 - -13321. Calculate the highest common divisor of 840 and n.
30
Let h(g) = -15*g - 29. Let c be h(-30). Suppose 13*w = 18*w + x - c, -248 = -3*w + 4*x. What is the greatest common factor of 147 and w?
21
Suppose -3*r - 5*u = 40, -3*u - 30 = 4*r - u. Let l be (-3807)/(-135) + 6/r + 1. Calculate the highest common divisor of 98 and l.
14
Suppose -45*n - 4527 + 72259 + 2198 = 0. Calculate the greatest common divisor of 336 and n.
42
Suppose 12*w - 4*v = 7*w + 96, -2*v = -3*w + 56. Let i(c) = 5*c**2 - 71*c - 16. Let o be i(w). What is the highest common divisor of 8 and o?
8
Suppose -10*a + 850 = -1200. Let j = -195 + a. Calculate the greatest common divisor of j and 90.
10
Let t(y) = 5*y**2 + 10*y + 17. Let f(g) = -g**2 + g. Let q(s) = 2*f(s) + t(s). Let d be q(-5). Calculate the greatest common factor of 416 and d.
32
Suppose -11*i = -39023 - 4020. Calculate the highest common divisor of 2709 and i.
301
Let h(d) = -d**3 - 7*d**2 + 6*d + 2. Let r be h(-4). Let y = r - -78. What is the highest common factor of 88 and y?
8
Suppose -h + 10 = -1644*a + 1645*a, -2*h = a - 20. What is the greatest common factor of 3415 and h?
5
Let h(a) = 181*a - 108. Let q be h(-7). Let c be q/(-100) - (-2)/8. Let l(d) = -25*d - 1. Let j be l(-2). What is the highest common divisor of c and j?
7
Let t = -3556 + 3655. Calculate the highest common factor of 429 and t.
33
Let c(h) = -h**2 + 114*h - 1824. Let p be c(20). What is the greatest common factor of p and 6748?
28
Suppose -2*m + 5*h + 314 = 0, -4*h + 285 = 3*m - 163. Let k = 164 - m. Calculate the greatest common factor of 48 and k.
12
Let r(f) = 9*f**2 + 70*f + 633. Let d be r(-8). Calculate the highest common factor of 236 and d.
59
Suppose -5*v + v + 2*r = 274, -r = v + 61. Let u be 32/(-24)*v/4. Let n(w) = 26*w**2 - 4*w - 4. Let x be n(-3). Calculate the highest common factor of u and x.
22
Let i be -192 - (0/(-8))/((-6)/3). Let p = i - -202. What is the greatest common factor of 70 and p?
10
Let b be (-5)/6 - 7*(-345)/630. Let a be 0/2 - (-2 + 1). Let s be 0 - a - -9 - 2. Calculate the greatest common factor of s and b.
3
Suppose -3*r = -4*r - 5*m - 5, -1 = -3*r + m. Suppose 0*s - 3*y = -2*s + 151, r = -y + 3. Calculate the greatest common divisor of 60 and s.
20
Let x = 11 - 11. Suppose x*d - 39 = -4*m - d, 2*d + 54 = 4*m. Suppose m*k = 3*k + 136. Calculate the greatest common factor of 153 and k.
17
Suppose 58*z - 59*z + 22387 = f, z = -3*f + 67173. Calculate the greatest common divisor of 49 and f.
49
Let r(i) = -39*i + 1524. Let g be r(22). What is the greatest common factor of 3219 and g?
111
Suppose -30 = -199*y + 204*y. Let q be y/3 - -3 - (-31 - -5). What is the highest common divisor of q and 63?
9
Suppose -57*j = -59*j + b + 308, -312 = -2*j - b. Calculate the highest common factor of 190 and j.
5
Suppose 4*n - 173 = -r + 31, 3*n = r + 153. What is the highest common factor of n and 48?
3
Suppose -2*o - 3*q + 904 - 109 = 0, -375 = -o + q. What is the highest common factor of o and 2640?
48
Let i be 41588/1405*-1*1705/(-2). What is the highest common divisor of 33 and i?
11
Suppose 5*q = -4*c + 101284, -9*c - 12877 - 47939 = -3*q. Calculate the greatest common divisor of q and 40.
20
Let a = 30153 + -30034. Calculate the highest common divisor of a and 17.
17
Let c = -1646 - -1653. Calculate the highest common factor of 889 and c.
7
Suppose 89 - 17 = 6*u. Let a = -12 + 18. Calculate the highest common divisor of u and a.
6
Suppose 5*z - 2*n - 20 = 0, n - 2 = -5*z + 18. Suppose 27 = 4*l - 3*i, -z*l + 4*i + 15 = -l. What is the greatest common divisor of l and 225?
9
Let h be ((-712)/(-80) - 9) + ((-619503)/(-10))/3. Calculate the highest common factor of 236 and h.
118
Let k(m) = -m + 6. Let q be k(0). Let n be (-4)/5*(-15)/q. What is the highest common divisor of 32 and n?
2
Let d = -3754 - -3794. Suppose -3*v + 6*v = 156. Let i = v - d. Calculate the highest common factor of 108 and i.
12
Let n(u) = -1668*u + 8435. Let y be n(5). Calculate the highest common divisor of 285 and y.
95
Let k(v) = v**3 + 24*v**2 + 63*v + 20. Let l = -24 - -3. Let p be k(l). Let f be 2 - 1 - (1 + -8). What is the greatest common factor of p and f?
4
Let u(k) = -k**2 - 6*k - 4. Let h be u(-4). Suppose 2*n - 24 = -h. Suppose -5*s - 20 = -n*s. Calculate the highest common factor of 2 and s.
2
Suppose -4*y + c + 89 + 49 = 0, 0 = -3*y - 3*c + 96. Let l be (-2)/((2/404)/(11/44)). Let x = 135 + l. Calculate the highest common factor of x and y.
34
Let r(c) = -c**3 - 40*c**2 - 49*c - 69. Let v be r(-39). Calculate the greatest common factor of v and 6.
3
Let f(d) = 3*d**2 + 20*d + 57. Let j be f(-5). Let a = 276 + -188. What is the greatest common factor of j and a?
8
Suppose 0 = -10*s + 1657 + 423. Let t(z) = -z**3 - 8*z**2 - 6*z + 20. Let q be t(-7). Calculate the highest common factor of s and q.
13
Suppose -11*q + 159 = 5. Suppose -z + q + 27 = -3*l, 0 = -4*z - l + 99. Let f = -137 - -371. Calculate the highest common divisor of f and z.
26
Let y(f) = f**3 + f**2. Let o(x) = 4*x**3 + 11*x**2 - 7*x + 4. Let m(n) = o(n) - 5*y(n). Let s be m(4). What is the greatest common factor of s and 4?
4
Let i be 450/(9/3) + 10. Suppose -3*a = 0, 4*w - 3*a - 40 = -0*w. What is the highest common divisor of i and w?
10
Suppose -114 = -3*r - 6. Suppose -16*k - 60 + 124 = 0. Calcula